 = -5*b, 4*f - 7*b + s*b - 8 = 0. Let g(t) = -t. What is the remainder when g(-1) is divided by f?
0
Let v(t) be the second derivative of 4*t**3/3 + 3*t**2/2 + 2*t. Let i be v(-3). Let b = 41 + i. What is the remainder when b is divided by 7?
6
What is the remainder when 4/(-22) + 0 + (-2560)/(-44) is divided by 31?
27
Suppose 5*f = 3*f + 6. Suppose f*b + 21 = 27. Suppose -b*p + 26 = 3*l, 5*l - 38 = p - 3*p. What is the remainder when 16 is divided by l?
4
Let s = 117 - 52. Let j = 544 + -522. Calculate the remainder when s is divided by j.
21
Suppose 10*a - 5*o = 5*a + 295, -5*o = 2*a - 132. What is the remainder when a is divided by 7?
5
Suppose 2*z - 26 + 6 = 0. Calculate the remainder when 49 is divided by z.
9
Let b be (-9)/(-2)*(-22)/(-3). Let u = b + -18. Suppose -2*o - 3*d = -155, -d - 234 = -3*o - 6*d. Calculate the remainder when o is divided by u.
13
Suppose -12942 - 16054 = -44*o. Calculate the remainder when o is divided by 44.
43
Let y(f) = 29*f**2 + 173*f + 12. What is the remainder when 314 is divided by y(-6)?
8
Suppose 6*n = -46 - 272. Let h = n + 89. What is the remainder when h is divided by 13?
10
Suppose 4*n + 28 = 5*m, 4*m + 5*n - 4*n - 35 = 0. Let g be ((-6)/(-4))/(6/(-24)). Calculate the remainder when (116/g)/(8/(-12)) is divided by m.
5
Let u(c) = -c**2 + 28*c + 57. Calculate the remainder when 97 is divided by u(29).
13
Let l be 84/(-9)*(-15)/10. Let g(x) = x**3 - 15*x**2 + 16*x + 10. What is the remainder when g(l) is divided by 4?
2
Calculate the remainder when 61 is divided by (2/(-1))/((-20)/130).
9
Let s(r) = r**2 + 3*r - 6. Suppose -5*q - 114 = 2*n, -30 = -4*q + 5*q + 4*n. Let d = q - -16. Calculate the remainder when 33 is divided by s(d).
9
Let i be ((-45)/(-60))/((-2)/(-24)). Let j = i - 77. Let t = 117 + j. What is the remainder when t is divided by 17?
15
Suppose 5*p + j - 39 = 1104, 0 = -4*p - 4*j + 908. Calculate the remainder when p is divided by 13.
8
Suppose 5*b - 6*b - 5 = -5*j, -3*b = 5*j - 25. What is the remainder when 92 is divided by b?
2
Let l(g) = 2*g - 7. Let u be l(6). Suppose -u*m + 15 = -2*m. Calculate the remainder when 13 is divided by m.
3
Let d(b) = b**3 + 4*b**2 - 2*b - 1. Let u be d(4). Let z = u + -88. What is the remainder when 91 is divided by z?
29
Let v = 5 - -4. Let c = v - 2. Suppose -c = 4*o - 143. Calculate the remainder when o is divided by 9.
7
Let x(p) = p + 8. Let m be x(9). Suppose 630 = m*c - 7*c. Calculate the remainder when c is divided by 26.
11
Suppose 0 = -3*v + 3*k - 3, 2*v + 3*k = 7*v - 5. Calculate the remainder when 40 is divided by v.
0
Let p(r) = r**2 + 10*r - 17. Let y be p(-11). Let s(h) = h**3 + 8*h**2 + 6*h - 9. Calculate the remainder when 51 is divided by s(y).
24
Let x(h) = -h**3 + 8*h**2 - 7*h - 4. Let c = -1102 + 1116. Calculate the remainder when x(6) is divided by c.
12
Let t = 408 + -360. Suppose 17 = -4*s - 3*f + 2*f, 2*s = -2*f - 16. Let k = 7 - s. Calculate the remainder when t is divided by k.
8
Let n(u) = 2*u**2 - 2*u. Calculate the remainder when (-297)/(-9)*4/6 is divided by n(3).
10
Suppose 171 = 3*q - 3*t, t = -q + 3*t + 61. Let v(j) = j - 24. Let d be v(0). Let s = d + q. Calculate the remainder when s is divided by 16.
13
Let w(y) = 417*y**3 - 4*y**2 + 2*y. Let b be w(1). Suppose 7*a + b = 1178. What is the remainder when a is divided by 14?
11
Let z(l) = 66*l + 119. Calculate the remainder when 94 is divided by z(-1).
41
Suppose 1295 = -23*x + 30*x. Suppose -x - 82 = -3*k. What is the remainder when k is divided by 27?
8
What is the remainder when 90 is divided by 2 - (0 - 140)*(-60)/(-150)?
32
Let z = 76 - 60. What is the remainder when 75 is divided by z?
11
Suppose -2*b - 3*s + 104 = 2*b, 2*s + 8 = 0. Let p = 47 - b. What is the remainder when 61 is divided by p?
7
Let u(h) = -4*h**3 - 2*h**2 + 16*h + 62. Calculate the remainder when u(-4) is divided by 8.
6
What is the remainder when (-41 + -66)*4/(-1 - 1) is divided by 44?
38
Let p(r) = -70*r. Let d be p(-1). Suppose -50*g = -45*g - d. Calculate the remainder when 24 is divided by g.
10
Suppose 0 = m + 15 - 40. What is the remainder when (m/(-10) - 2)*112/(-12) is divided by ((-30)/(-4))/(-3)*-6?
12
Calculate the remainder when (-1446)/(-14) - (-2)/(-7) is divided by (28/4)/(18/54).
19
Let l be -8 + 4 - (1 + -5). What is the remainder when 64 + l + (3 - 2) is divided by 17?
14
Let d(i) = -i + 4. Let z be d(6). Let s = -14 + z. Let h = 19 + s. Calculate the remainder when 13 is divided by h.
1
Let o(s) = s**2 - 25*s + 175. Calculate the remainder when 127 is divided by o(13).
13
Let i(l) = -l**3 + 7*l**2 + 4*l - 5. Suppose 0 = 16*b - 51 - 605. What is the remainder when b is divided by i(7)?
18
Suppose -4*j = -21*r + 19*r - 72, 3*r - 12 = 0. What is the remainder when 236 is divided by j?
16
Let q(j) = 48*j + 44. Let y(c) = -c - 1. Let s(k) = 2*q(k) + 88*y(k). Let r = 17 - 11. What is the remainder when s(2) is divided by r?
4
Suppose -3*m - 3*q = -2*q - 82, -4*m = q - 108. Suppose -152 = -z - m. Calculate the remainder when z is divided by 32.
30
Let r(j) = 3*j**2 - 2*j. Calculate the remainder when (36/(-420)*-7)/((-2)/(-100)) is divided by r(2).
6
Suppose 0 = -6*b + 5*b - 4. Let s = b + 10. Let h(r) = 2*r**2 - 9. What is the remainder when h(s) is divided by 16?
15
Suppose -5*s = 6*j - j - 10, 4*j = 5*s - 1. Suppose -x = j - 4. What is the remainder when 20/x*(-99)/(-12) is divided by 14?
13
Suppose 5*m = -7*m + 1788. Calculate the remainder when m is divided by 78.
71
Suppose -15*a = -243 - 12. What is the remainder when 32 is divided by a?
15
Let r(k) = 2*k**2. Let x be ((-16)/5)/((-6)/15). Let c = -5 + x. Calculate the remainder when r(c) is divided by 10.
8
Let q = 19 + -10. Calculate the remainder when -3*((-213)/q + (-2)/(-3)) is divided by 24.
21
Let k(c) = -242*c**3 + 2*c**2 - 2*c - 4. What is the remainder when k(-1) is divided by 61?
59
Suppose -2*f - 232 = 7*r - 12*r, -3*r = -5*f - 143. Let k = -244 + 427. Calculate the remainder when k is divided by r.
45
Suppose -3*j + 12 = -0*j. Let m(y) = y**2 - 3*y**3 - 2*y**3 - 2 - 13*y**2 + 6*y**3 + 12*y. Calculate the remainder when m(11) is divided by j.
1
Suppose -8 = -5*h - 4*c + 14, -10 = -2*h - c. Let f(p) = p + 3. Calculate the remainder when 43 is divided by f(h).
7
Let r(y) = -3*y**3 - 5*y**2 + 5*y + 7. What is the remainder when r(-5) is divided by 13?
11
Let a(m) = m**3 + 6*m**2 - 5*m + 4. Let w be a(-8). Let z = -60 - w. What is the remainder when 93 is divided by z?
21
Suppose 4*g - 36 = -2*f, 0 = 5*f - 6*g + 2*g - 118. Let k = 33 - f. Let p = -7 - -10. Calculate the remainder when k is divided by p.
2
What is the remainder when 91 is divided by (-1)/7*-7*47?
44
Let h(a) = 9*a**3 + 3*a - 2. Let d be h(1). Let n = d - 1. Suppose 2*f + 19 = 67. Calculate the remainder when f is divided by n.
6
Let l = 350 + -322. Calculate the remainder when l is divided by 16.
12
Let x(q) = 3*q + 126. What is the remainder when x(21) is divided by 91?
7
Suppose -100*v = -186*v + 1978. What is the remainder when 205 is divided by v?
21
Suppose -4*x - 41 - 10 = -5*p, -2*p - 30 = 2*x. Let s = x + 38. Calculate the remainder when 167 is divided by s.
23
Let l = 82 + -34. What is the remainder when (l/(-18))/((-1)/21) is divided by 20?
16
Let o = -2735 - -2766. Calculate the remainder when 587 is divided by o.
29
Suppose 296 + 214 = 10*n. What is the remainder when n is divided by 7?
2
Let s(h) = -2*h**3 - 10*h**2 + 14*h + 18. Calculate the remainder when 105 is divided by s(-6).
3
Suppose 57*t - 62*t + 10 = 0. Suppose 17 = -t*p + 117. What is the remainder when p is divided by 11?
6
Suppose 7*x - 367 - 109 = 0. Suppose 2*d + 18 = -4*i, -5*i - 20 = -0*d + 5*d. What is the remainder when (-2)/5 + x/20 is divided by d?
0
Let a = -15 - -33. Let f(k) = -k**3 - 17*k**2 + 9*k + 620. Calculate the remainder when f(-15) is divided by a.
17
Suppose -3*j + 4*t - 1 = -6*j, 0 = 2*j + t - 9. Suppose q - 184 = -j*q. Calculate the remainder when 42 - 4/(-6)*3 is divided by q.
21
Suppose 192 = 4*a - 4. Suppose -3*k = -7*k + 40. Calculate the remainder when a is divided by k.
9
Let n(s) be the third derivative of -3*s**4/8 - 2*s**3/3 + s**2. What is the remainder when n(-2) is divided by 8?
6
Let d(l) = 2*l**2 - 6*l - 6. Let g be ((-6)/5)/((-18)/(